{"id":10,"date":"2025-03-18T14:38:48","date_gmt":"2025-03-18T13:38:48","guid":{"rendered":"http:\/\/svenlambrecht.de\/?page_id=10"},"modified":"2025-03-18T21:29:40","modified_gmt":"2025-03-18T20:29:40","slug":"startseite","status":"publish","type":"page","link":"http:\/\/svenlambrecht.de\/","title":{"rendered":"\u201eProduktdesign? Ist das eigentlich so was wie Kunst?\u201c"},"content":{"rendered":"\n<p>In den letzten Jahren wurde ich von Fremden und Bekannten des \u00f6fteren gefragt, was ich denn genau mache als Designer. Das l\u00e4sst sich mit ein paar Worten nur schwer ausdr\u00fccken &#8211; nur soviel vorweg: Mit Kunst hat es nur im weitesten Sinne zu tun. <\/p>\n\n\n\n<p>Design bedeutet f\u00fcr mich viel mehr als Produkte formal &#8222;sch\u00f6n&#8220; zu gestalten. Ich sehe meine Aufgabe darin, neue Produkte durch ehrliche Gestaltung den Bed\u00fcrfnissen des Benutzers anzupassen, und gleichzeitig eine Balance mit der \u00d6konomie und der \u00d6kologie zu finden. Design verbindet somit \u00c4sthetik, Funktionalit\u00e4t, Konstruktion, Technologie, \u00d6kologie und \u00d6konomie. Aber auch Bereiche aus der Psychologie, dem Management und dem Marketing haben Einfluss. <\/p>\n\n\n\n<p>Und genau diese Vielseitigkeit macht f\u00fcr mich Produktdesign zu einem so spannenden und abwechslungsreichen Beruf.<\/p>\n","protected":false},"excerpt":{"rendered":"<p>In den letzten Jahren wurde ich von Fremden und Bekannten des \u00f6fteren gefragt, was ich denn genau mache als Designer. Das l\u00e4sst sich mit ein paar Worten nur schwer ausdr\u00fccken &#8211; nur soviel vorweg: Mit Kunst hat es nur im weitesten Sinne zu tun. Design bedeutet f\u00fcr mich viel mehr als Produkte formal &#8222;sch\u00f6n&#8220; zu &hellip; <\/p>\n<p class=\"link-more\"><a href=\"http:\/\/svenlambrecht.de\/\" class=\"more-link\"><span class=\"screen-reader-text\">\u201e\u201eProduktdesign? Ist das eigentlich so was wie Kunst?\u201c\u201c<\/span> weiterlesen<\/a><\/p>\n","protected":false},"author":1,"featured_media":0,"parent":0,"menu_order":0,"comment_status":"closed","ping_status":"closed","template":"","meta":{"footnotes":""},"class_list":["post-10","page","type-page","status-publish","hentry"],"_links":{"self":[{"href":"http:\/\/svenlambrecht.de\/index.php?rest_route=\/wp\/v2\/pages\/10","targetHints":{"allow":["GET"]}}],"collection":[{"href":"http:\/\/svenlambrecht.de\/index.php?rest_route=\/wp\/v2\/pages"}],"about":[{"href":"http:\/\/svenlambrecht.de\/index.php?rest_route=\/wp\/v2\/types\/page"}],"author":[{"embeddable":true,"href":"http:\/\/svenlambrecht.de\/index.php?rest_route=\/wp\/v2\/users\/1"}],"replies":[{"embeddable":true,"href":"http:\/\/svenlambrecht.de\/index.php?rest_route=%2Fwp%2Fv2%2Fcomments&post=10"}],"version-history":[{"count":3,"href":"http:\/\/svenlambrecht.de\/index.php?rest_route=\/wp\/v2\/pages\/10\/revisions"}],"predecessor-version":[{"id":99,"href":"http:\/\/svenlambrecht.de\/index.php?rest_route=\/wp\/v2\/pages\/10\/revisions\/99"}],"wp:attachment":[{"href":"http:\/\/svenlambrecht.de\/index.php?rest_route=%2Fwp%2Fv2%2Fmedia&parent=10"}],"curies":[{"name":"wp","href":"https:\/\/api.w.org\/{rel}","templated":true}]}}