{"id":14,"date":"2025-03-18T14:38:48","date_gmt":"2025-03-18T13:38:48","guid":{"rendered":"http:\/\/svenlambrecht.de\/?page_id=14"},"modified":"2025-05-04T22:17:28","modified_gmt":"2025-05-04T20:17:28","slug":"ein-homepage-abschnitt","status":"publish","type":"page","link":"http:\/\/svenlambrecht.de\/?page_id=14","title":{"rendered":"Ausbildung &amp; Berufserfahrung"},"content":{"rendered":"\n<div class=\"wp-block-columns is-layout-flex wp-container-core-columns-is-layout-9d6595d7 wp-block-columns-is-layout-flex\">\n<div class=\"wp-block-column is-layout-flow wp-block-column-is-layout-flow\">\n<p><strong>M\u00e4rz 2024 &#8211; heute<\/strong><br>Senior Industrie- &amp; Grafikdesigner \/ CMF<br>WAHL GmbH<\/p>\n\n\n\n<p><strong>April 2016 &#8211; Februar 2024<\/strong><br>Industrie- &amp; Grafikdesign<br>WAHL GmbH<\/p>\n\n\n\n<p><strong>M\u00e4rz 2015 &#8211; November 2015<\/strong><br>Junior Produktdesigner<br>Formteam<br>Schorndorf<\/p>\n\n\n\n<p><strong>Oktober 2010 &#8211; August 2014<\/strong><br>Bachelor-Studium zum Produktgestalter<br>Hochschule f\u00fcr Gestaltung Schw\u00e4bisch Gm\u00fcnd<br>Schw\u00e4bisch Gm\u00fcnd<\/p>\n\n\n\n<p id=\"u25767-6\" style=\"line-height:1.5\"><strong>Februar 2013 &#8211; Juli 2013<\/strong><br>Instituto Tecnol\u00f3gico de Costa Rica<br>Auslandssemester<br>Cartago, Costa Rica<\/p>\n\n\n\n<p id=\"u25767-20\"><strong>November 2012 &#8211; Januar 2013<\/strong><br>Praxissemester<br>Reform Design Produkt GbR<br>Stuttgart<\/p>\n<\/div>\n\n\n\n<div class=\"wp-block-column is-layout-flow wp-block-column-is-layout-flow\">\n<p id=\"u25767-29\"><strong>M\u00e4rz 2010 &#8211; September 2010<\/strong><br>Restaurator f\u00fcr denkmalgesch\u00fctzte Geb\u00e4ude<br>Holzmanufaktur Rottweil GmbH<br>Rottweil<\/p>\n\n\n\n<p id=\"u25752-2\"><strong>Oktober 2009 &#8211; Dezember 2009<\/strong><br>Praktikum im Bereich Prototype Design<br>Recaro Aircraft Seating GmbH &amp; Co. KG<br>Schw\u00e4bsich Hall<\/p>\n\n\n\n<p id=\"u25752-11\"><strong>August 2007 &#8211; Juli 2009<\/strong><br>Ausbildung als Schreiner<br>Schreinerei Rothfelder<br>Villingen-Schwenningen<\/p>\n\n\n\n<p id=\"u25752-20\"><strong>September 1996 &#8211; Juli 2005<\/strong><br>Abitur am Gymnasium am Deutenberg<br>Villingen-Schwenningen<\/p>\n\n\n\n<p id=\"u25752-27\"><strong>April 1986<\/strong><br>geboren in Villingen-Schwenningen<\/p>\n<\/div>\n<\/div>\n","protected":false},"excerpt":{"rendered":"<p>M\u00e4rz 2024 &#8211; heuteSenior Industrie- &amp; Grafikdesigner \/ CMFWAHL GmbH April 2016 &#8211; Februar 2024Industrie- &amp; GrafikdesignWAHL GmbH M\u00e4rz 2015 &#8211; November 2015Junior ProduktdesignerFormteamSchorndorf Oktober 2010 &#8211; August 2014Bachelor-Studium zum ProduktgestalterHochschule f\u00fcr Gestaltung Schw\u00e4bisch Gm\u00fcndSchw\u00e4bisch Gm\u00fcnd Februar 2013 &#8211; Juli 2013Instituto Tecnol\u00f3gico de Costa RicaAuslandssemesterCartago, Costa Rica November 2012 &#8211; Januar 2013PraxissemesterReform Design Produkt GbRStuttgart &hellip; <\/p>\n<p class=\"link-more\"><a href=\"http:\/\/svenlambrecht.de\/?page_id=14\" class=\"more-link\"><span class=\"screen-reader-text\">\u201eAusbildung &amp; Berufserfahrung\u201c<\/span> weiterlesen<\/a><\/p>\n","protected":false},"author":1,"featured_media":104,"parent":10,"menu_order":0,"comment_status":"closed","ping_status":"closed","template":"","meta":{"footnotes":""},"class_list":["post-14","page","type-page","status-publish","has-post-thumbnail","hentry"],"_links":{"self":[{"href":"http:\/\/svenlambrecht.de\/index.php?rest_route=\/wp\/v2\/pages\/14","targetHints":{"allow":["GET"]}}],"collection":[{"href":"http:\/\/svenlambrecht.de\/index.php?rest_route=\/wp\/v2\/pages"}],"about":[{"href":"http:\/\/svenlambrecht.de\/index.php?rest_route=\/wp\/v2\/types\/page"}],"author":[{"embeddable":true,"href":"http:\/\/svenlambrecht.de\/index.php?rest_route=\/wp\/v2\/users\/1"}],"replies":[{"embeddable":true,"href":"http:\/\/svenlambrecht.de\/index.php?rest_route=%2Fwp%2Fv2%2Fcomments&post=14"}],"version-history":[{"count":10,"href":"http:\/\/svenlambrecht.de\/index.php?rest_route=\/wp\/v2\/pages\/14\/revisions"}],"predecessor-version":[{"id":45,"href":"http:\/\/svenlambrecht.de\/index.php?rest_route=\/wp\/v2\/pages\/14\/revisions\/45"}],"up":[{"embeddable":true,"href":"http:\/\/svenlambrecht.de\/index.php?rest_route=\/wp\/v2\/pages\/10"}],"wp:featuredmedia":[{"embeddable":true,"href":"http:\/\/svenlambrecht.de\/index.php?rest_route=\/wp\/v2\/media\/104"}],"wp:attachment":[{"href":"http:\/\/svenlambrecht.de\/index.php?rest_route=%2Fwp%2Fv2%2Fmedia&parent=14"}],"curies":[{"name":"wp","href":"https:\/\/api.w.org\/{rel}","templated":true}]}}